{"id":2,"date":"2015-11-22T22:12:23","date_gmt":"2015-11-22T21:12:23","guid":{"rendered":"http:\/\/zesmaal.nl\/?page_id=2"},"modified":"2019-08-04T09:09:09","modified_gmt":"2019-08-04T08:09:09","slug":"voorbeeld-pagina","status":"publish","type":"page","link":"http:\/\/zesmaal.nl\/","title":{"rendered":"Het roer kan nog zesmaal om"},"content":{"rendered":"<p><a href=\"http:\/\/www.antonygormley.com\/projects\/item-view\/id\/230#p1\" target=\"_blank\" rel=\"noopener noreferrer\"><img loading=\"lazy\" class=\"size-full wp-image-183 aligncenter\" src=\"http:\/\/zesmaal.nl\/wp-content\/uploads\/2015\/12\/Antony_Gormley-02-e1450382077829.jpg\" alt=\"Antony_Gormley 02\" width=\"1199\" height=\"236\" srcset=\"http:\/\/zesmaal.nl\/wp-content\/uploads\/2015\/12\/Antony_Gormley-02-e1450382077829.jpg 1199w, http:\/\/zesmaal.nl\/wp-content\/uploads\/2015\/12\/Antony_Gormley-02-e1450382077829-300x59.jpg 300w, http:\/\/zesmaal.nl\/wp-content\/uploads\/2015\/12\/Antony_Gormley-02-e1450382077829-768x151.jpg 768w, http:\/\/zesmaal.nl\/wp-content\/uploads\/2015\/12\/Antony_Gormley-02-e1450382077829-1024x202.jpg 1024w\" sizes=\"(max-width: 709px) 85vw, (max-width: 909px) 67vw, (max-width: 1362px) 62vw, 840px\" \/><\/a><\/p>\n<p style=\"text-align: left;\"><span style=\"color: #000000;\">Pitt. Dat is mijn voornaam, gelukkig niet mijn achternaam. Pitt Hamson. Ik moet er natuurlijk wel altijd bij zeggen: Pitt met twee \u2018t\u2019. En n\u00fa zou ik bijna zeggen: Pitt met twee thee. \u2018Ober, een thee graag, ach, doe maar een dubbele.\u2019<\/span><\/p>\n<p style=\"text-align: left;\"><span style=\"color: #000000;\">Deze blog gaat over een verslaving, die van mijzelf, over alcoholisme. Mooier gezegd: over drankzucht. En preciezer gezegd: deze blog gaat er niet per se over hoe drankzucht zich aan de wereld toont, maar gaat erover hoe je een alcoholverslaving de baas wordt. En blijft. Althans ik<strong>.<\/strong> Althans tot nu toe.<\/span><\/p>\n<p style=\"text-align: left;\"><span style=\"color: #000000;\">Ik denk niet dat er in deze blog veel opwindende verhalen zullen staan, weinig of geen vertellingen over avonturen die plaatsvonden\u00a0onder invloed van alcohol. Het zal dus niet <em>zomaar\u00a0<\/em>gaan over mijn treinreisje van Utrecht naar Amsterdam, waar ik woon, dat een gewoon kort ritje was \u2013\u00a0de rit was wel gewoon, maar ikzelf niet helemaal \u2013 laat in de avond, welke rit twee uur later eindigde in Den Helder, waar ik niet moest zijn en zeker niet om half twee \u2019s\u00a0nachts, zonder een trein terug! Dus wat nu, nou ja, eerst maar op zoek naar een nachtcaf\u00e9, daar weten ze wel\u00a0raad. Niet over het vreemde verschijnsel dat de drankzuchtige zo\u2019n kroeg ook altijd v\u00edndt, al moet hij zich daarvoor door de donkerste stegen wringen in duistere buurten, in de vreemdste steden. Niet over wat zich\u00a0daarbinnen vervolgens allemaal afspeelt\u00a0en hoe je uiteindelijk met behulp van een aardige vrouw weer in een vroege ochtendtrein naar Amsterdam belandt. Het vervelende met dit soort verhalen is: soms zijn ze ook leuk. Ze ademen een gevoel van het echte leven, grillig en onvoorspelbaar, gevuld met de gekste wendingen en met altijd onverwachte ontmoetingen. Een <em>vrij<\/em> leven, en behoorlijk out of the box.<\/span><\/p>\n<p style=\"text-align: left;\"><span style=\"color: #000000;\">Voor een deel is dat ook zo. Voor een veel groter deel is dat helemaal niet zo. Hoe de dingen <em>lijken <\/em>en hoe ze <em>zijn<\/em>, daar schroeft zich met gemak een hele wereld tussen. Maar een schijnwereld is de wereld nog niet. Wanneer een vrij leven alleen maar kan bestaan door afhankelijkheid van een middel, wanneer de bizarre paradox ontstaat dat juist de slaaf zich vrij voelt, dan kom ik nu al tot een van de kernen van een verslaving, namelijk: het is allemaal nep. Kost wel iets, maar dan heb je ook niks. Voortdurend kom je bedrogen uit en sta je met lege handen. Het zijn gouden bergen, onechte paradijzen, op zijn best.<\/span><\/p>\n<p style=\"padding-left: 30px; text-align: left;\"><span style=\"color: #000000;\"><em>\u2018Beautiful Isle of Somewhere\u2026 o, ik verlang zo naar droomland\u2026\u2019 <\/em><\/span><\/p>\n<p style=\"text-align: left;\"><span style=\"color: #000000;\">Ik ook, soms heel diep, maar droomland bestaat op aarde niet, verslavingsland wel. En dan volgt de ontnuchtering, in een detox, het letterlijke ontgiften, en dan de abstinentie \u2013\u00a0het droogstaan, clean blijven \u2013\u00a0tijdens de behandeling in een kliniek, en dat is allemaal \u00e9\u00e9n ding, het is \u00e9\u00e9n stap, maar daarna? Wat dan?<\/span><\/p>\n<p style=\"text-align: left;\"><span style=\"color: #000000;\">Daar gaat deze blog over, hoe is het om in een kliniek te zijn, waar vecht je eigenlijk tegen, wat maak je daar mee, en vooral ook: hoe gaat het daarna met zo iemand? Daarmee bedoel ik natuurlijk in de eerste plaats mijzelf, maar toch ook, wanneer het zin heeft over hen te spreken, komen anderen aan bod, de cli\u00ebnten met wie ik in verschillende behandelgroepen zat. Uiteraard kan ik niemand bij zijn werkelijke naam noemen, eerder zal ik er juist op letten dat de lezer ook niet naar zijn of haar identiteit kan gissen.<\/span><\/p>\n<p style=\"text-align: left;\"><span style=\"color: #000000;\">De kop is er bijna af, van zowel het begin van deze blog als van mijn drankloze leven. Ik ben nu een jaar onderweg. Het is dus nog niet zo lang geleden dat ik me aanmeldde bij de Jellinek, aan de Obrechtstraat in Amsterdam. Dat hield in mijn geval in: een week dagdetox (in tegenstelling tot de klinische detox, wat een echte opname is), dan drie maanden dagbehandeling (dat is drie dagen in de week, overdag) gevolgd door twaalf maanden nazorg, eenmaal in de week. Helaas is er juist in die nazorg onlangs flink gesneden. Van deze hele periode, van dit eerste en soms zo moeilijke nuchtere jaar, doe ik hier verslag, als een handreiking, een steun in de rug\u00a0of een hart onder de riem, een teken van de natuurlijke band die bestaat tussen mij en mijn lotgenoten. Dus wie u ook bent, o lezer, vanwaar u ook komt en waarheen u ook gaat: op de momenten dat ik deze blog schrijf, op zo\u2019n moment is mijn hart bij u. Bij jou.<\/span><\/p>\n<p style=\"text-align: left;\"><span style=\"color: #000000;\">Ziezo, dat is maar eens gezegd! Nooit bang zijn, ergens voor. Rest mij nog te verklaren waarom ik deze blog zesmaal.nl heb genoemd. Want op de vraag wie ik eigenlijk ben, met welke wind ik waai, daar komt gaandeweg de blog wel een antwoord op. E\u00e9n ding is van groot belang: er mag in deze blog geen woord staan dat gelogen is. En het woord \u2018zesmaal\u2019 plukte ik uit twee dichtregels van Marsman:<\/span><\/p>\n<p style=\"text-align: left; padding-left: 30px;\"><span style=\"color: #000000;\"><em>Kent gij de verborgen wegen?<\/em><\/span><br \/>\n<span style=\"color: #000000;\"> <em> Het roer kan nog zesmaal om!<\/em><\/span><\/p>\n<p style=\"text-align: left;\"><span style=\"color: #000000;\">Vraag- en uitroepteken. Met \u2018de verborgen wegen\u2019 doelt hij erop dat het kan lijken alsof je leven is vastgelopen, op een dood spoor gezet, hetzij door omstandigheden, hetzij\u00a0domweg door leeftijd, of \u2013\u00a0zoals \u00edk het nu invul \u2013\u00a0door een hardnekkige verslaving. Met alle moedeloosheid van dien. In dit gedicht, <em>Brief aan een vriend<\/em>, hamert Marsman erop dat werkelijk vastlopen niet bestaat, hooguit zijn de ontsnappingswegen verborgen geraakt. Zoek ze. Vind ze! En het roer kan nog zesmaal om.<\/span><\/p>\n<p style=\"text-align: left;\"><span style=\"color: #000000;\">Pitt Hamson<\/span><\/p>\n<hr \/>\n<p style=\"text-align: right;\"><em><a href=\"#top\">omhoog<\/a><\/em><\/p>\n","protected":false},"excerpt":{"rendered":"<p>Pitt. Dat is mijn voornaam, gelukkig niet mijn achternaam. Pitt Hamson. Ik moet er natuurlijk wel altijd bij zeggen: Pitt met twee \u2018t\u2019. En n\u00fa zou ik bijna zeggen: Pitt met twee thee. \u2018Ober, een thee graag, ach, doe maar een dubbele.\u2019 Deze blog gaat over een verslaving, die van mijzelf, over alcoholisme. Mooier gezegd: &hellip; <a href=\"http:\/\/zesmaal.nl\/\" class=\"more-link\">Lees <span class=\"screen-reader-text\">&#8220;Het roer kan nog zesmaal om&#8221;<\/span> verder<\/a><\/p>\n","protected":false},"author":1,"featured_media":0,"parent":0,"menu_order":0,"comment_status":"closed","ping_status":"open","template":"","meta":[],"_links":{"self":[{"href":"http:\/\/zesmaal.nl\/index.php?rest_route=\/wp\/v2\/pages\/2"}],"collection":[{"href":"http:\/\/zesmaal.nl\/index.php?rest_route=\/wp\/v2\/pages"}],"about":[{"href":"http:\/\/zesmaal.nl\/index.php?rest_route=\/wp\/v2\/types\/page"}],"author":[{"embeddable":true,"href":"http:\/\/zesmaal.nl\/index.php?rest_route=\/wp\/v2\/users\/1"}],"replies":[{"embeddable":true,"href":"http:\/\/zesmaal.nl\/index.php?rest_route=%2Fwp%2Fv2%2Fcomments&post=2"}],"version-history":[{"count":162,"href":"http:\/\/zesmaal.nl\/index.php?rest_route=\/wp\/v2\/pages\/2\/revisions"}],"predecessor-version":[{"id":4061,"href":"http:\/\/zesmaal.nl\/index.php?rest_route=\/wp\/v2\/pages\/2\/revisions\/4061"}],"wp:attachment":[{"href":"http:\/\/zesmaal.nl\/index.php?rest_route=%2Fwp%2Fv2%2Fmedia&parent=2"}],"curies":[{"name":"wp","href":"https:\/\/api.w.org\/{rel}","templated":true}]}}